 + 183*q - q**2 - 94*q. What is o(c)?
7
Let f(w) = -3*w**3 + 4*w**2 + w + 13 + 4*w**3 - 8 + 3*w**2. Suppose -64*i = -61*i + 21. Calculate f(i).
-2
Let o(j) = 3*j**2 + j. Suppose 0 = -m + 8 - 10. Let c be (9 + -8)/(m/(-6)). Suppose 0 = 3*w + 4*u + 3 + c, w + 7 = -3*u. Calculate o(w).
14
Let d(y) = y - 5. Let m(n) = -11*n + 58. Let u(v) = 78*d(v) + 6*m(v). Determine u(8).
54
Suppose -1 = 5*y + 39. Let b(l) be the first derivative of l**5/60 + l**4/4 - 5*l**3/3 - 13*l**2 + 48. Let o(n) be the second derivative of b(n). Give o(y).
6
Let o(t) = t + 1. Let w be o(-6). Let v(p) be the first derivative of -p**4/4 - 4*p**3/3 + p**2/2 + p + 5371. Determine v(w).
21
Let m(c) = -c**2 + 7*c + 4. Let x be m(4). Suppose -4*s - x = -8*s. Suppose -u - s = -3. Let d(p) = -10*p + 1. Calculate d(u).
11
Let t(v) = -v**2 + 9*v + 10. Suppose 53*o + 324 = 854. Calculate t(o).
0
Let c(p) be the first derivative of -12*p**2 + 179*p + 1638. What is c(7)?
11
Let x be 4 - ((-1 - 0) + 0). Let h(i) be the second derivative of i**4/6 - i**3 - i**2 - 4972*i - 2. Give h(x).
18
Let k(g) be the second derivative of -g**6/360 + g**5/120 + 7*g**4/24 - 2*g**3/3 + 7*g**2/2 - 83*g. Let n(w) be the second derivative of k(w). What is n(0)?
7
Let t(w) = -w**3 - 2*w**2 + 3*w + 2. Let u(s) = 3*s**3 + 9*s**2 + 9*s - 16. Let g(x) = 4*t(x) + u(x). Give g(5).
-3
Let t(g) = -705*g - 53. Let u(j) = 117*j + 1. Let p(h) = -t(h) - 6*u(h). Determine p(-14).
5
Let i(s) be the first derivative of 1 + 0*s - 1/3*s**3 - 3/8*s**4 - 1/60*s**5 + 0*s**2. Let v(t) be the third derivative of i(t). Give v(-6).
3
Let b(t) = t - 3. Let j = 38 + -31. Let c(u) = -u + j - 2 + 6 - 7. Let v(f) = -3*b(f) - 2*c(f). Calculate v(7).
-6
Let y(m) be the second derivative of m**5/20 - 5*m**4/12 + 2*m**3/3 + m**2 + 5*m + 1330. What is y(-2)?
-34
Let o be 1*(5 - -1)/(-12)*6. Let z(a) = -a**2 + a + 16. Determine z(o).
4
Let t(p) = -p**3 - 10*p**2 + 11*p - 8. Suppose 53*b = -0*b - 583. What is t(b)?
-8
Let u(o) be the first derivative of -o**4/2 - 4*o**3 - 6*o**2 - 9*o + 5049. What is u(-5)?
1
Let h(m) = -3438*m**2 - 3443*m**2 + 6878*m**2 + 22*m. Suppose 30 + 6 = 4*g - 4*l, -4*g - 3*l + 22 = 0. Calculate h(g).
7
Let u(l) = -27 - 7 + 2 - 21 + 13 - 6*l. Calculate u(-7).
2
Let c(t) be the first derivative of 9*t**2 + 9*t + 207. What is c(-2)?
-27
Let n(w) = -2*w**2 + 102*w + 42. Let f(b) = 3*b**2 - 117*b - 41. Let j(y) = 5*f(y) + 6*n(y). What is j(-7)?
5
Let r = -3913 - -3908. Let y(v) = -v - 19. Determine y(r).
-14
Suppose 4*d - 5*t = 26, 0 = -5*d + t + 2*t + 26. Let s(j) be the first derivative of j**3/3 - 5*j**2/2 + 5*j - 4303. Calculate s(d).
1
Let y(u) = -3*u + 24. Suppose -f = -6*f - 5*m + 30, 0 = f - 5*m + 6. Suppose 0 = -5*z - 3*q + 61, -4*z - f*q + 15 = -37. What is y(z)?
-9
Let o(i) = -3*i**3 - 3*i**2 - 6*i - 5. Let v(w) = -w**3 - 8*w**2 - 182*w - 1226. Let d be v(-7). What is o(d)?
1
Let p(y) = -10*y + 164. Let t(i) = 11*i - 145. Let c(x) = -6*p(x) - 7*t(x). What is c(2)?
-3
Let j(g) = g**3 + 74*g**2 + 16*g + 1186. Let v be j(-74). Let z(a) = -4*a**3 + a**2 + 2*a - 1. What is z(v)?
-25
Let i(q) = 3*q - 54. Let s(j) = 341*j + 351. Let f be s(-1). Calculate i(f).
-24
Let d = 2253 - 2238. Let v(j) = j**2 - 13*j - 13. Calculate v(d).
17
Let f(p) = -p**3 - 7*p**2 + 6*p - 6. Let l(t) = -25*t - 183. Let v be l(-7). Give f(v).
10
Let c(o) = o**2. Suppose -x + 6 + 5 = 0. Suppose x*z = 19*z - 400. Let k = -52 + z. What is c(k)?
4
Let h(u) = u + 1. Let j(b) = 11*b + 10 + 17 + 8*b - 17*b + 2*b. Let v be -4*4/(16/7). Let y be j(v). Give h(y).
0
Let v(d) = d**3 + 4*d**2 - 3*d. Suppose 3*s - i = -89, 15 = -2*s + 3*i - 42. Let a = 66 + s. Let w = 38 - a. Calculate v(w).
18
Let c be 1/7*7 - (-17)/(-17). Let z(w) = -10*w - 13. Calculate z(c).
-13
Let t(w) = w**2 + 8*w + 10. Let m be (14/(-7))/(-1)*-2. What is t(m)?
-6
Let n(r) = -r**2 + 24*r + 52. Suppose -2*h = -x - 104 + 46, h - 50 = 4*x. Determine n(h).
0
Let m(r) be the second derivative of 13*r**3/6 - 49*r**2/2 + 885*r + 2. What is m(5)?
16
Let h(r) = 4*r + 6. Let a be h(-1). Suppose 3 = t + 2. Let v(p) = -t + 2*p**3 + 1 - p**a. What is v(-1)?
-3
Let c(g) = -g**2 + 2*g + 4. Let d = -3075 + 3077. What is c(d)?
4
Suppose -7*h - 3 = -8*h. Let b(n) = 2*n**2 + 6*n - 7. Let v(c) = c**2 - c. Let l(m) = h*v(m) - b(m). Let w be (19 + (-2877)/147)/(1 - 15/14). What is l(w)?
-1
Let m be 11/((-198)/(-12)) + 21/9. Suppose -29*t + 4 = -28*t. Let r(u) = t*u**2 + 0 + 15*u - m*u**2 - 14*u + 1. Calculate r(-3).
7
Let f(s) = -3*s - 2. Let m be f(-3). Suppose 0 = -3*j + m - 1. Let v(q) be the third derivative of q**6/120 - q**4/24 - 218*q**2. What is v(j)?
6
Let s(y) = 12*y**2 - 1. Let b(n) = 38*n**2 - 18*n - 19. Let p(c) = b(c) - 3*s(c). What is p(9)?
-16
Let g be 7*42/98*-1. Let d(j) be the third derivative of -j**4/24 - j**3/2 - j**2. Calculate d(g).
0
Let l(f) = -f**2 + 5*f - 1. Let w be (13 - -3)*((-12)/8 - -2). Calculate l(w).
-25
Let b(o) = 3*o - 13. Let w(p) = -7*p + 35. Let g(z) = -8*b(z) - 3*w(z). Suppose -3 = y - 0. What is g(y)?
8
Let s(i) be the third derivative of i**7/2520 - i**6/720 - i**5/15 - i**4/24 - 96*i**2. Let p(d) be the third derivative of s(d). Give p(-1).
-3
Let g = 14148 - 14147. Let z(k) = -18*k**3 + 3*k**2 - 3*k + 1. Determine z(g).
-17
Let a(b) = -b**2 - 13*b - 11. Let q be (4900/(-15))/(-5) - 2/(-3). Suppose -64*o + q*o = -24. What is a(o)?
1
Let k(u) = u**3 - 10*u**2 + 10*u - 1. Let d(x) = 53*x - 918. Let m be d(18). Let v = -2 - -6. Suppose 0 = -v*y + m. Calculate k(y).
8
Let x(g) = -g**3 - 11*g**2 - 21*g - 2. Let z(y) = -y**2 + 95*y - 2168. Let l be z(38). Determine x(l).
4
Let y(t) be the third derivative of t**6/60 - 13*t**5/30 + 13*t**4/12 - 7*t**3/2 + 4*t**2 + 2*t + 558. Calculate y(12).
3
Let i(p) = -p**2 - 15*p + 36. Let f = -2470 - -2452. What is i(f)?
-18
Let s(b) be the second derivative of -b**6/120 - b**5/12 + 5*b**4/24 + 5*b**3/6 + 34*b**2 - 112*b. Let i(q) be the first derivative of s(q). What is i(-6)?
11
Let b(m) = 8*m**2 - 13*m - 26. Let q(x) = 3*x**2 - 4*x - 9. Suppose -4*f + 3*i = 3 + 13, -4 = f - 5*i. Let w(k) = f*b(k) + 11*q(k). Determine w(-7).
-2
Let p = -26 - -28. Let t(b) be the third derivative of b**5/30 - b**4/12 - 2*b**3/3 - 10*b**2. Let x(o) be the first derivative of t(o). Calculate x(p).
6
Suppose 0 = 4*z + 2*z - 30. Suppose 4*s - 5 - 5 = 2*w, -2*s = z*w - 35. Suppose t - 5 = n - 2*t, 11 = s*n - 3*t. Let y(u) = u**3 - 3*u**2 + 3. Determine y(n).
19
Suppose -3*x + 4*i = -i - 434, -i - 4 = 0. Let m = -139 + x. Let c(p) = p**2 - 2*p - 2. Calculate c(m).
1
Let c = -290 - -326. Let p(y) = -c + 0*y**2 + 33 + 0*y**2 - 3*y + 2*y**2. Let r be (-16)/(-5) + (-4)/20. What is p(r)?
6
Let n be (8/(-10))/((-4)/(-30)). Suppose 0 = -2*l + 2*d + 8, 0 = -4*d + 12. Let z(a) = -45*a + a**3 - 8 - 46*a + l*a**2 + 96*a. Give z(n).
-2
Suppose 985 = 7*j + 943. Let o(d) = -35*d - 36*d + 69*d - 4. What is o(j)?
-16
Let d(g) = -g**3 - g**2 + g - 3. Let u(k) = -4*k**3 - 19*k**2 + 23*k - 45. Let x(w) = -5*d(w) + u(w). Calculate x(13).
35
Let f(m) = 9*m**2 + 5*m + 15. Suppose 5*n - 2*k - 9 - 11 = 0, -3*n + k + 12 = 0. Let i(w) = 7*w**2 + 4*w + 13. Let l(s) = n*f(s) - 5*i(s). Calculate l(0).
-5
Let g(t) = -t**3 - 17*t**2 - 31*t - 19. Let d be g(-15). Suppose -7*n - 266 = -9*n. Let a(j) = 64*j - n*j + 71*j. Calculate a(d).
-8
Suppose -4803*j + 4826*j = 92. Let v(i) = -i**3 + 6*i**2 - i + 7. Calculate v(j).
35
Let g(k) = -4*k**2 + k**3 + k**2 + 7*k + 6 - 5*k**2 + 12*k - 6*k. Give g(6).
12
Suppose -40 = -6*r + 32. Suppose -13*h + r*h + 5 = 0. Suppose -2*m = 5*b + 63, 10 = -h*b + 3*b + 3*m. Let j(p) = p**2 + 12*p + 14. Calculate j(b).
3
Suppose -6*v - 5*d = -2*v + 15, 3 = -v - 2*d. Let k(q) be the third derivative of q**6/120 + q**5/12 + q**4/12 + q**3/3 - 8*q**2 - q. Give k(v).
-8
Let y be (-161)/7 + (2 - 1). Let g = 17 + y. Let f(t) be the first derivative of -t**2 + 7*t - 5. Give f(g).
17
Let n(s) = s + 19. Suppose -57*c = -51*c - 504. Let o = -84 + c. What is n(o)?
19
Let w be (1*(-2)/1)/2. Let h(g) = -33*g - 91. Let s(a) = 27*a + 74. Let u(k) = 13*h(k) + 16*s(k). What is u(w)?
-2
Let p(u) = 3*u + 158. Let n(s) = 24*s + 1303. Let i(z) = -4*n(z) + 33*p(z). Let a be 15/4 + (-3)/(-12). Let v be (-2)/((-10)/a - -2). Give i(v).
14
Let w(o) be the third derivative of 0*o